{"id":15207,"date":"2024-12-11T13:44:35","date_gmt":"2024-12-11T17:44:35","guid":{"rendered":"https:\/\/thewebsell.com\/usa\/?page_id=15207"},"modified":"2025-04-22T12:58:54","modified_gmt":"2025-04-22T16:58:54","slug":"contacto","status":"publish","type":"page","link":"https:\/\/thewebsell.com\/usa\/es\/contacto\/","title":{"rendered":"Contacto"},"content":{"rendered":"\t\t<div data-elementor-type=\"wp-page\" data-elementor-id=\"15207\" class=\"elementor elementor-15207\" data-elementor-post-type=\"page\">\n\t\t\t\t\t\t<section class=\"elementor-section elementor-top-section elementor-element elementor-element-e765bce elementor-section-boxed elementor-section-height-default elementor-section-height-default\" data-id=\"e765bce\" data-element_type=\"section\" data-settings=\"{&quot;background_background&quot;:&quot;classic&quot;}\">\n\t\t\t\t\t\t\t<div class=\"elementor-background-overlay\"><\/div>\n\t\t\t\t\t\t\t<div class=\"elementor-container elementor-column-gap-default\">\n\t\t\t\t\t<div class=\"elementor-column elementor-col-100 elementor-top-column elementor-element elementor-element-7af68a3a\" data-id=\"7af68a3a\" data-element_type=\"column\">\n\t\t\t<div class=\"elementor-widget-wrap elementor-element-populated\">\n\t\t\t\t\t\t<div class=\"elementor-element elementor-element-35bbdc64 elementor-widget elementor-widget-shortcode\" data-id=\"35bbdc64\" data-element_type=\"widget\" data-widget_type=\"shortcode.default\">\n\t\t\t\t<div class=\"elementor-widget-container\">\n\t\t\t\t\t\t\t<div class=\"elementor-shortcode\"><meta name=\"keywords\" content=\"agencia de marketing digital en Miami y Venezuela, digital marketing agency in Miami and Venezuela\"><\/div>\n\t\t\t\t\t\t<\/div>\n\t\t\t\t<\/div>\n\t\t\t\t<div class=\"elementor-element elementor-element-4958ffca elementor-widget elementor-widget-heading\" data-id=\"4958ffca\" data-element_type=\"widget\" data-widget_type=\"heading.default\">\n\t\t\t\t<div class=\"elementor-widget-container\">\n\t\t\t\t\t<h1 class=\"elementor-heading-title elementor-size-default\">Agencia SEO y SEM | <span style=\"color: #006fd2\">Marketing Digital<\/span><\/h1>\t\t\t\t<\/div>\n\t\t\t\t<\/div>\n\t\t\t\t<div class=\"elementor-element elementor-element-119f7f64 elementor-widget elementor-widget-heading\" data-id=\"119f7f64\" data-element_type=\"widget\" data-widget_type=\"heading.default\">\n\t\t\t\t<div class=\"elementor-widget-container\">\n\t\t\t\t\t<h2 class=\"elementor-heading-title elementor-size-default\">Cons\u00edguenos <span style=\"color: #006fd2\">F\u00e1cilmente<\/span><\/h2>\t\t\t\t<\/div>\n\t\t\t\t<\/div>\n\t\t\t\t<div class=\"elementor-element elementor-element-50468993 elementor-widget elementor-widget-text-editor\" data-id=\"50468993\" data-element_type=\"widget\" data-widget_type=\"text-editor.default\">\n\t\t\t\t<div class=\"elementor-widget-container\">\n\t\t\t\t\t\t\t\t\t<p align=\"center\">Si\u00e9ntete libre de contactarnos cuando desees.<br \/>Recuerda que estamos para responder tus dudas en todo momento.<\/p>\t\t\t\t\t\t\t\t<\/div>\n\t\t\t\t<\/div>\n\t\t\t\t<div class=\"elementor-element elementor-element-54283aeb elementor-widget__width-initial elementor-widget-mobile__width-initial elementor-view-default elementor-position-top elementor-mobile-position-top elementor-widget elementor-widget-icon-box\" data-id=\"54283aeb\" data-element_type=\"widget\" id=\"iconos-contacto\" data-widget_type=\"icon-box.default\">\n\t\t\t\t<div class=\"elementor-widget-container\">\n\t\t\t\t\t\t\t<div class=\"elementor-icon-box-wrapper\">\n\n\t\t\t\t\t\t<div class=\"elementor-icon-box-icon\">\n\t\t\t\t<a href=\"https:\/\/www.instagram.com\/websell.lat\/\" class=\"elementor-icon elementor-animation-wobble-horizontal\" tabindex=\"-1\" aria-label=\"@websell.lat\">\n\t\t\t\t<svg aria-hidden=\"true\" class=\"e-font-icon-svg e-fab-instagram\" viewBox=\"0 0 448 512\" xmlns=\"http:\/\/www.w3.org\/2000\/svg\"><path d=\"M224.1 141c-63.6 0-114.9 51.3-114.9 114.9s51.3 114.9 114.9 114.9S339 319.5 339 255.9 287.7 141 224.1 141zm0 189.6c-41.1 0-74.7-33.5-74.7-74.7s33.5-74.7 74.7-74.7 74.7 33.5 74.7 74.7-33.6 74.7-74.7 74.7zm146.4-194.3c0 14.9-12 26.8-26.8 26.8-14.9 0-26.8-12-26.8-26.8s12-26.8 26.8-26.8 26.8 12 26.8 26.8zm76.1 27.2c-1.7-35.9-9.9-67.7-36.2-93.9-26.2-26.2-58-34.4-93.9-36.2-37-2.1-147.9-2.1-184.9 0-35.8 1.7-67.6 9.9-93.9 36.1s-34.4 58-36.2 93.9c-2.1 37-2.1 147.9 0 184.9 1.7 35.9 9.9 67.7 36.2 93.9s58 34.4 93.9 36.2c37 2.1 147.9 2.1 184.9 0 35.9-1.7 67.7-9.9 93.9-36.2 26.2-26.2 34.4-58 36.2-93.9 2.1-37 2.1-147.8 0-184.8zM398.8 388c-7.8 19.6-22.9 34.7-42.6 42.6-29.5 11.7-99.5 9-132.1 9s-102.7 2.6-132.1-9c-19.6-7.8-34.7-22.9-42.6-42.6-11.7-29.5-9-99.5-9-132.1s-2.6-102.7 9-132.1c7.8-19.6 22.9-34.7 42.6-42.6 29.5-11.7 99.5-9 132.1-9s102.7-2.6 132.1 9c19.6 7.8 34.7 22.9 42.6 42.6 11.7 29.5 9 99.5 9 132.1s2.7 102.7-9 132.1z\"><\/path><\/svg>\t\t\t\t<\/a>\n\t\t\t<\/div>\n\t\t\t\n\t\t\t\t\t\t<div class=\"elementor-icon-box-content\">\n\n\t\t\t\t\t\t\t\t\t<h3 class=\"elementor-icon-box-title\">\n\t\t\t\t\t\t<a href=\"https:\/\/www.instagram.com\/websell.lat\/\" >\n\t\t\t\t\t\t\t@websell.lat\t\t\t\t\t\t<\/a>\n\t\t\t\t\t<\/h3>\n\t\t\t\t\n\t\t\t\t\n\t\t\t<\/div>\n\t\t\t\n\t\t<\/div>\n\t\t\t\t\t\t<\/div>\n\t\t\t\t<\/div>\n\t\t\t\t<div class=\"elementor-element elementor-element-160e7358 elementor-widget__width-initial elementor-widget-mobile__width-initial elementor-view-default elementor-position-top elementor-mobile-position-top elementor-widget elementor-widget-icon-box\" data-id=\"160e7358\" data-element_type=\"widget\" id=\"iconos-contacto\" data-widget_type=\"icon-box.default\">\n\t\t\t\t<div class=\"elementor-widget-container\">\n\t\t\t\t\t\t\t<div class=\"elementor-icon-box-wrapper\">\n\n\t\t\t\t\t\t<div class=\"elementor-icon-box-icon\">\n\t\t\t\t<a href=\"tel:+584124588629\" class=\"elementor-icon elementor-animation-wobble-horizontal\" tabindex=\"-1\" aria-label=\"&lt;a href=&quot;tel:+584124588629&quot;&gt;+58 (412) 458-8629 &lt;\/a&gt; &lt;br&gt; &lt;br&gt;&lt;a href=&quot;tel:+17867448424&quot;&gt;+1  (786) 744-8424&lt;\/a&gt;&lt;br&gt; &lt;br&gt;&lt;a href=&quot;tel:+34633513247&quot;&gt;+34 (633) 513-247&lt;\/a&gt;\">\n\t\t\t\t<svg xmlns=\"http:\/\/www.w3.org\/2000\/svg\" xmlns:xlink=\"http:\/\/www.w3.org\/1999\/xlink\" x=\"0px\" y=\"0px\" viewBox=\"0 0 384 384\" style=\"enable-background:new 0 0 384 384;\" xml:space=\"preserve\"><g>\t<g>\t\t<path d=\"M353.188,252.052c-23.51,0-46.594-3.677-68.469-10.906c-10.719-3.656-23.896-0.302-30.438,6.417l-43.177,32.594   c-50.073-26.729-80.917-57.563-107.281-107.26l31.635-42.052c8.219-8.208,11.167-20.198,7.635-31.448   c-7.26-21.99-10.948-45.063-10.948-68.583C132.146,13.823,118.323,0,101.333,0H30.813C13.823,0,0,13.823,0,30.813   C0,225.563,158.438,384,353.188,384c16.99,0,30.813-13.823,30.813-30.813v-70.323C384,265.875,370.177,252.052,353.188,252.052z\"><\/path>\t<\/g><\/g><\/svg>\t\t\t\t<\/a>\n\t\t\t<\/div>\n\t\t\t\n\t\t\t\t\t\t<div class=\"elementor-icon-box-content\">\n\n\t\t\t\t\t\t\t\t\t<h3 class=\"elementor-icon-box-title\">\n\t\t\t\t\t\t<a href=\"tel:+584124588629\" >\n\t\t\t\t\t\t\t<a href=\"tel:+584124588629\">+58 (412) 458-8629 <\/a> <br> <br><a href=\"tel:+17867448424\">+1  (786) 744-8424<\/a><br> <br><a href=\"tel:+34633513247\">+34 (633) 513-247<\/a>\t\t\t\t\t\t<\/a>\n\t\t\t\t\t<\/h3>\n\t\t\t\t\n\t\t\t\t\n\t\t\t<\/div>\n\t\t\t\n\t\t<\/div>\n\t\t\t\t\t\t<\/div>\n\t\t\t\t<\/div>\n\t\t\t\t<div class=\"elementor-element elementor-element-74aae811 elementor-widget__width-initial elementor-widget-mobile__width-initial elementor-view-default elementor-position-top elementor-mobile-position-top elementor-widget elementor-widget-icon-box\" data-id=\"74aae811\" data-element_type=\"widget\" id=\"iconos-contacto\" data-widget_type=\"icon-box.default\">\n\t\t\t\t<div class=\"elementor-widget-container\">\n\t\t\t\t\t\t\t<div class=\"elementor-icon-box-wrapper\">\n\n\t\t\t\t\t\t<div class=\"elementor-icon-box-icon\">\n\t\t\t\t<a href=\"https:\/\/api.whatsapp.com\/send?phone=584124588629&#038;text=Hola%20escribo%20desde%20thewebsell.com,%20para%20obtener%20mas%20informacion%20de%20los%20servicios\" class=\"elementor-icon elementor-animation-wobble-horizontal\" tabindex=\"-1\" aria-label=\"&lt;a href=&quot;https:\/\/api.whatsapp.com\/send?phone=584124588629&amp;&amp;text=Hola,%20le%20escribo%20a%20thewebsell.com,%20para%20obtener%20m\u00e1s%20informaci\u00f3n%20sobre%20los%20servicios&quot;&gt; Venezuela&lt;\/a&gt;&lt;br&gt;&lt;br&gt; &lt;a href=&quot;https:\/\/api.whatsapp.com\/send?phone=17867448424&amp;text=Hola,%20le%20escribo%20a%20thewebsell.com,%20para%20obtener%20m\u00e1s%20informaci\u00f3n%20sobre%20los%20servicios&quot;&gt;  Florida, USA \u200b  &lt;\/a&gt;&lt;\/br&gt;&lt;\/br&gt;&lt;a href=&quot;https:\/\/api.whatsapp.com\/send?phone=34633513247&amp;text=Hola,%20le%20escribo%20a%20thewebsell.com,%20para%20obtener%20m\u00e1s%20informaci\u00f3n%20sobre%20los%20servicios&quot;&gt;  Madrid, Espa\u00f1a\u200b  &lt;\/a&gt;\">\n\t\t\t\t<svg aria-hidden=\"true\" class=\"e-font-icon-svg e-fab-whatsapp\" viewBox=\"0 0 448 512\" xmlns=\"http:\/\/www.w3.org\/2000\/svg\"><path d=\"M380.9 97.1C339 55.1 283.2 32 223.9 32c-122.4 0-222 99.6-222 222 0 39.1 10.2 77.3 29.6 111L0 480l117.7-30.9c32.4 17.7 68.9 27 106.1 27h.1c122.3 0 224.1-99.6 224.1-222 0-59.3-25.2-115-67.1-157zm-157 341.6c-33.2 0-65.7-8.9-94-25.7l-6.7-4-69.8 18.3L72 359.2l-4.4-7c-18.5-29.4-28.2-63.3-28.2-98.2 0-101.7 82.8-184.5 184.6-184.5 49.3 0 95.6 19.2 130.4 54.1 34.8 34.9 56.2 81.2 56.1 130.5 0 101.8-84.9 184.6-186.6 184.6zm101.2-138.2c-5.5-2.8-32.8-16.2-37.9-18-5.1-1.9-8.8-2.8-12.5 2.8-3.7 5.6-14.3 18-17.6 21.8-3.2 3.7-6.5 4.2-12 1.4-32.6-16.3-54-29.1-75.5-66-5.7-9.8 5.7-9.1 16.3-30.3 1.8-3.7.9-6.9-.5-9.7-1.4-2.8-12.5-30.1-17.1-41.2-4.5-10.8-9.1-9.3-12.5-9.5-3.2-.2-6.9-.2-10.6-.2-3.7 0-9.7 1.4-14.8 6.9-5.1 5.6-19.4 19-19.4 46.3 0 27.3 19.9 53.7 22.6 57.4 2.8 3.7 39.1 59.7 94.8 83.8 35.2 15.2 49 16.5 66.6 13.9 10.7-1.6 32.8-13.4 37.4-26.4 4.6-13 4.6-24.1 3.2-26.4-1.3-2.5-5-3.9-10.5-6.6z\"><\/path><\/svg>\t\t\t\t<\/a>\n\t\t\t<\/div>\n\t\t\t\n\t\t\t\t\t\t<div class=\"elementor-icon-box-content\">\n\n\t\t\t\t\t\t\t\t\t<h3 class=\"elementor-icon-box-title\">\n\t\t\t\t\t\t<a href=\"https:\/\/api.whatsapp.com\/send?phone=584124588629&#038;text=Hola%20escribo%20desde%20thewebsell.com,%20para%20obtener%20mas%20informacion%20de%20los%20servicios\" >\n\t\t\t\t\t\t\t<a href=\"https:\/\/api.whatsapp.com\/send?phone=584124588629&&text=Hola,%20le%20escribo%20a%20thewebsell.com,%20para%20obtener%20m\u00e1s%20informaci\u00f3n%20sobre%20los%20servicios\"> Venezuela<\/a><br><br> <a href=\"https:\/\/api.whatsapp.com\/send?phone=17867448424&text=Hola,%20le%20escribo%20a%20thewebsell.com,%20para%20obtener%20m\u00e1s%20informaci\u00f3n%20sobre%20los%20servicios\">  Florida, USA \u200b  <\/a><\/br><\/br><a href=\"https:\/\/api.whatsapp.com\/send?phone=34633513247&text=Hola,%20le%20escribo%20a%20thewebsell.com,%20para%20obtener%20m\u00e1s%20informaci\u00f3n%20sobre%20los%20servicios\">  Madrid, Espa\u00f1a\u200b  <\/a>\t\t\t\t\t\t<\/a>\n\t\t\t\t\t<\/h3>\n\t\t\t\t\n\t\t\t\t\n\t\t\t<\/div>\n\t\t\t\n\t\t<\/div>\n\t\t\t\t\t\t<\/div>\n\t\t\t\t<\/div>\n\t\t\t\t\t<\/div>\n\t\t<\/div>\n\t\t\t\t\t<\/div>\n\t\t<\/section>\n\t\t\t\t<section class=\"elementor-section elementor-top-section elementor-element elementor-element-1b9086f8 elementor-hidden-widescreen elementor-hidden-desktop elementor-hidden-laptop elementor-hidden-tablet elementor-hidden-mobile elementor-section-boxed elementor-section-height-default elementor-section-height-default\" data-id=\"1b9086f8\" data-element_type=\"section\">\n\t\t\t\t\t\t<div class=\"elementor-container elementor-column-gap-default\">\n\t\t\t\t\t<div class=\"elementor-column elementor-col-100 elementor-top-column elementor-element elementor-element-ebe1234\" data-id=\"ebe1234\" data-element_type=\"column\">\n\t\t\t<div class=\"elementor-widget-wrap elementor-element-populated\">\n\t\t\t\t\t\t<section class=\"elementor-section elementor-inner-section elementor-element elementor-element-6bb327e elementor-section-boxed elementor-section-height-default elementor-section-height-default\" data-id=\"6bb327e\" data-element_type=\"section\" data-settings=\"{&quot;background_background&quot;:&quot;gradient&quot;}\">\n\t\t\t\t\t\t<div class=\"elementor-container elementor-column-gap-default\">\n\t\t\t\t\t<div class=\"elementor-column elementor-col-100 elementor-inner-column elementor-element elementor-element-37bf4786\" data-id=\"37bf4786\" data-element_type=\"column\">\n\t\t\t<div class=\"elementor-widget-wrap elementor-element-populated\">\n\t\t\t\t\t\t<div class=\"elementor-element elementor-element-519f95ff elementor-widget elementor-widget-heading\" data-id=\"519f95ff\" data-element_type=\"widget\" data-widget_type=\"heading.default\">\n\t\t\t\t<div class=\"elementor-widget-container\">\n\t\t\t\t\t<h2 class=\"elementor-heading-title elementor-size-default\">Contact us! <\/h2>\t\t\t\t<\/div>\n\t\t\t\t<\/div>\n\t\t\t\t<div class=\"elementor-element elementor-element-6b58084 elementor-button-align-stretch elementor-widget elementor-widget-form\" data-id=\"6b58084\" data-element_type=\"widget\" id=\"mensaje-oculto\" data-settings=\"{&quot;step_next_label&quot;:&quot;Next&quot;,&quot;step_previous_label&quot;:&quot;Previous&quot;,&quot;button_width&quot;:&quot;100&quot;,&quot;step_type&quot;:&quot;number_text&quot;,&quot;step_icon_shape&quot;:&quot;circle&quot;}\" data-widget_type=\"form.default\">\n\t\t\t\t<div class=\"elementor-widget-container\">\n\t\t\t\t\t\t\t<form class=\"elementor-form\" method=\"post\" name=\"Form Contacto Esp\">\n\t\t\t<input type=\"hidden\" name=\"post_id\" value=\"15207\"\/>\n\t\t\t<input type=\"hidden\" name=\"form_id\" value=\"6b58084\"\/>\n\t\t\t<input type=\"hidden\" name=\"referer_title\" value=\"WebSell\" \/>\n\n\t\t\t\n\t\t\t<div class=\"elementor-form-fields-wrapper elementor-labels-above\">\n\t\t\t\t\t\t\t\t<div class=\"elementor-field-type-text elementor-field-group elementor-column elementor-field-group-name elementor-col-100 elementor-field-required\">\n\t\t\t\t\t\t\t\t\t\t\t\t\t<input size=\"1\" type=\"text\" name=\"form_fields[name]\" id=\"form-field-name\" class=\"elementor-field elementor-size-xs  elementor-field-textual\" placeholder=\"Name\" required=\"required\" aria-required=\"true\">\n\t\t\t\t\t\t\t\t\t\t\t<\/div>\n\t\t\t\t\t\t\t\t<div class=\"elementor-field-type-text elementor-field-group elementor-column elementor-field-group-field_ceadf26 elementor-col-100 elementor-field-required\">\n\t\t\t\t\t\t\t\t\t\t\t\t\t<input size=\"1\" type=\"text\" name=\"form_fields[field_ceadf26]\" id=\"form-field-field_ceadf26\" class=\"elementor-field elementor-size-xs  elementor-field-textual\" placeholder=\"Last name\" required=\"required\" aria-required=\"true\">\n\t\t\t\t\t\t\t\t\t\t\t<\/div>\n\t\t\t\t\t\t\t\t<div class=\"elementor-field-type-email elementor-field-group elementor-column elementor-field-group-email elementor-col-100 elementor-field-required\">\n\t\t\t\t\t\t\t\t\t\t\t\t\t<input size=\"1\" type=\"email\" name=\"form_fields[email]\" id=\"form-field-email\" class=\"elementor-field elementor-size-xs  elementor-field-textual\" placeholder=\"E-mail address \" required=\"required\" aria-required=\"true\">\n\t\t\t\t\t\t\t\t\t\t\t<\/div>\n\t\t\t\t\t\t\t\t<div class=\"elementor-field-type-tel elementor-field-group elementor-column elementor-field-group-field_fd30923 elementor-col-100 elementor-field-required\">\n\t\t\t\t\t\t\t<input size=\"1\" type=\"tel\" name=\"form_fields[field_fd30923]\" id=\"form-field-field_fd30923\" class=\"elementor-field elementor-size-xs  elementor-field-textual\" placeholder=\"Phone \" required=\"required\" aria-required=\"true\" pattern=\"[0-9()#&amp;+*-=.]+\" title=\"Solo se aceptan n\u00fameros y caracteres de tel\u00e9fono (#,-,*,etc).\">\n\n\t\t\t\t\t\t<\/div>\n\t\t\t\t\t\t\t\t<div class=\"elementor-field-type-textarea elementor-field-group elementor-column elementor-field-group-message elementor-col-100 elementor-field-required\">\n\t\t\t\t\t<textarea class=\"elementor-field-textual elementor-field  elementor-size-xs\" name=\"form_fields[message]\" id=\"form-field-message\" rows=\"4\" placeholder=\"Message\" required=\"required\" aria-required=\"true\"><\/textarea>\t\t\t\t<\/div>\n\t\t\t\t\t\t\t\t<div class=\"elementor-field-type-recaptcha elementor-field-group elementor-column elementor-field-group-field_76abdb2 elementor-col-100\">\n\t\t\t\t\t<div class=\"elementor-field\" id=\"form-field-field_76abdb2\"><div class=\"elementor-g-recaptcha\" data-sitekey=\"6LdAoF8hAAAAAPffDIExat4meSy9q7c3i16sVkTp\" data-type=\"v2_checkbox\" data-theme=\"light\" data-size=\"normal\"><\/div><\/div>\t\t\t\t<\/div>\n\t\t\t\t\t\t\t\t<div class=\"elementor-field-group elementor-column elementor-field-type-submit elementor-col-100 e-form__buttons\">\n\t\t\t\t\t<button class=\"elementor-button elementor-size-sm elementor-animation-grow\" type=\"submit\">\n\t\t\t\t\t\t<span class=\"elementor-button-content-wrapper\">\n\t\t\t\t\t\t\t\t\t\t\t\t\t\t\t\t\t\t\t\t\t\t<span class=\"elementor-button-text\">Send<\/span>\n\t\t\t\t\t\t\t\t\t\t\t\t\t<\/span>\n\t\t\t\t\t<\/button>\n\t\t\t\t<\/div>\n\t\t\t<\/div>\n\t\t<\/form>\n\t\t\t\t\t\t<\/div>\n\t\t\t\t<\/div>\n\t\t\t\t\t<\/div>\n\t\t<\/div>\n\t\t\t\t\t<\/div>\n\t\t<\/section>\n\t\t\t\t\t<\/div>\n\t\t<\/div>\n\t\t\t\t\t<\/div>\n\t\t<\/section>\n\t\t\t\t<\/div>\n\t\t","protected":false},"excerpt":{"rendered":"<p>Agencia SEO y SEM | Marketing Digital Cons\u00edguenos F\u00e1cilmente Si\u00e9ntete libre de contactarnos cuando desees.Recuerda que estamos para responder tus dudas en todo momento. @websell.lat +58 (412) 458-8629 +1 (786) 744-8424 +34 (633) 513-247 Venezuela Florida, USA \u200b Madrid, Espa\u00f1a\u200b Contact us!<\/p>\n","protected":false},"author":4,"featured_media":0,"parent":0,"menu_order":0,"comment_status":"closed","ping_status":"closed","template":"","meta":{"footnotes":""},"class_list":["post-15207","page","type-page","status-publish","hentry"],"yoast_head":"<!-- This site is optimized with the Yoast SEO plugin v26.9 - https:\/\/yoast.com\/product\/yoast-seo-wordpress\/ -->\n<title>Contacto - Agencia SEO y SEM en Miami, FL | TheWebSell<\/title>\n<meta name=\"description\" content=\"Optimiza tu presencia online con nuestra agencia SEO y SEM en Miami. Estamos disponibles para responder tus dudas y llevar tu negocio al siguiente nivel.\" \/>\n<meta name=\"robots\" content=\"index, follow, max-snippet:-1, max-image-preview:large, max-video-preview:-1\" \/>\n<link rel=\"canonical\" href=\"https:\/\/thewebsell.com\/usa\/es\/contacto\/\" \/>\n<meta property=\"og:locale\" content=\"es_ES\" \/>\n<meta property=\"og:type\" content=\"article\" \/>\n<meta property=\"og:title\" content=\"Contacto - Agencia SEO y SEM en Miami, FL | TheWebSell\" \/>\n<meta property=\"og:description\" content=\"Optimiza tu presencia online con nuestra agencia SEO y SEM en Miami. Estamos disponibles para responder tus dudas y llevar tu negocio al siguiente nivel.\" \/>\n<meta property=\"og:url\" content=\"https:\/\/thewebsell.com\/usa\/es\/contacto\/\" \/>\n<meta property=\"og:site_name\" content=\"WebSell\" \/>\n<meta property=\"article:modified_time\" content=\"2025-04-22T16:58:54+00:00\" \/>\n<meta name=\"twitter:card\" content=\"summary_large_image\" \/>\n<script type=\"application\/ld+json\" class=\"yoast-schema-graph\">{\"@context\":\"https:\/\/schema.org\",\"@graph\":[{\"@type\":\"WebPage\",\"@id\":\"https:\/\/thewebsell.com\/usa\/es\/contacto\/\",\"url\":\"https:\/\/thewebsell.com\/usa\/es\/contacto\/\",\"name\":\"Contacto - Agencia SEO y SEM en Miami, FL | TheWebSell\",\"isPartOf\":{\"@id\":\"https:\/\/thewebsell.com\/usa\/#website\"},\"datePublished\":\"2024-12-11T17:44:35+00:00\",\"dateModified\":\"2025-04-22T16:58:54+00:00\",\"description\":\"Optimiza tu presencia online con nuestra agencia SEO y SEM en Miami. Estamos disponibles para responder tus dudas y llevar tu negocio al siguiente nivel.\",\"breadcrumb\":{\"@id\":\"https:\/\/thewebsell.com\/usa\/es\/contacto\/#breadcrumb\"},\"inLanguage\":\"es\",\"potentialAction\":[{\"@type\":\"ReadAction\",\"target\":[\"https:\/\/thewebsell.com\/usa\/es\/contacto\/\"]}]},{\"@type\":\"BreadcrumbList\",\"@id\":\"https:\/\/thewebsell.com\/usa\/es\/contacto\/#breadcrumb\",\"itemListElement\":[{\"@type\":\"ListItem\",\"position\":1,\"name\":\"Blog\",\"item\":\"https:\/\/thewebsell.com\/usa\/\"},{\"@type\":\"ListItem\",\"position\":2,\"name\":\"Contacto\"}]},{\"@type\":\"WebSite\",\"@id\":\"https:\/\/thewebsell.com\/usa\/#website\",\"url\":\"https:\/\/thewebsell.com\/usa\/\",\"name\":\"WebSell\",\"description\":\"Agencia de Marketing Digital en Miami, Madrid &amp; Venezuela\",\"publisher\":{\"@id\":\"https:\/\/thewebsell.com\/usa\/#organization\"},\"potentialAction\":[{\"@type\":\"SearchAction\",\"target\":{\"@type\":\"EntryPoint\",\"urlTemplate\":\"https:\/\/thewebsell.com\/usa\/?s={search_term_string}\"},\"query-input\":{\"@type\":\"PropertyValueSpecification\",\"valueRequired\":true,\"valueName\":\"search_term_string\"}}],\"inLanguage\":\"es\"},{\"@type\":\"Organization\",\"@id\":\"https:\/\/thewebsell.com\/usa\/#organization\",\"name\":\"WebSell\",\"url\":\"https:\/\/thewebsell.com\/usa\/\",\"logo\":{\"@type\":\"ImageObject\",\"inLanguage\":\"es\",\"@id\":\"https:\/\/thewebsell.com\/usa\/#\/schema\/logo\/image\/\",\"url\":\"https:\/\/thewebsell.com\/usa\/wp-content\/uploads\/2022\/05\/Group-162-1.png\",\"contentUrl\":\"https:\/\/thewebsell.com\/usa\/wp-content\/uploads\/2022\/05\/Group-162-1.png\",\"width\":244,\"height\":244,\"caption\":\"WebSell\"},\"image\":{\"@id\":\"https:\/\/thewebsell.com\/usa\/#\/schema\/logo\/image\/\"}}]}<\/script>\n<!-- \/ Yoast SEO plugin. -->","yoast_head_json":{"title":"Contacto - Agencia SEO y SEM en Miami, FL | TheWebSell","description":"Optimiza tu presencia online con nuestra agencia SEO y SEM en Miami. Estamos disponibles para responder tus dudas y llevar tu negocio al siguiente nivel.","robots":{"index":"index","follow":"follow","max-snippet":"max-snippet:-1","max-image-preview":"max-image-preview:large","max-video-preview":"max-video-preview:-1"},"canonical":"https:\/\/thewebsell.com\/usa\/es\/contacto\/","og_locale":"es_ES","og_type":"article","og_title":"Contacto - Agencia SEO y SEM en Miami, FL | TheWebSell","og_description":"Optimiza tu presencia online con nuestra agencia SEO y SEM en Miami. Estamos disponibles para responder tus dudas y llevar tu negocio al siguiente nivel.","og_url":"https:\/\/thewebsell.com\/usa\/es\/contacto\/","og_site_name":"WebSell","article_modified_time":"2025-04-22T16:58:54+00:00","twitter_card":"summary_large_image","schema":{"@context":"https:\/\/schema.org","@graph":[{"@type":"WebPage","@id":"https:\/\/thewebsell.com\/usa\/es\/contacto\/","url":"https:\/\/thewebsell.com\/usa\/es\/contacto\/","name":"Contacto - Agencia SEO y SEM en Miami, FL | TheWebSell","isPartOf":{"@id":"https:\/\/thewebsell.com\/usa\/#website"},"datePublished":"2024-12-11T17:44:35+00:00","dateModified":"2025-04-22T16:58:54+00:00","description":"Optimiza tu presencia online con nuestra agencia SEO y SEM en Miami. Estamos disponibles para responder tus dudas y llevar tu negocio al siguiente nivel.","breadcrumb":{"@id":"https:\/\/thewebsell.com\/usa\/es\/contacto\/#breadcrumb"},"inLanguage":"es","potentialAction":[{"@type":"ReadAction","target":["https:\/\/thewebsell.com\/usa\/es\/contacto\/"]}]},{"@type":"BreadcrumbList","@id":"https:\/\/thewebsell.com\/usa\/es\/contacto\/#breadcrumb","itemListElement":[{"@type":"ListItem","position":1,"name":"Blog","item":"https:\/\/thewebsell.com\/usa\/"},{"@type":"ListItem","position":2,"name":"Contacto"}]},{"@type":"WebSite","@id":"https:\/\/thewebsell.com\/usa\/#website","url":"https:\/\/thewebsell.com\/usa\/","name":"WebSell","description":"Agencia de Marketing Digital en Miami, Madrid &amp; Venezuela","publisher":{"@id":"https:\/\/thewebsell.com\/usa\/#organization"},"potentialAction":[{"@type":"SearchAction","target":{"@type":"EntryPoint","urlTemplate":"https:\/\/thewebsell.com\/usa\/?s={search_term_string}"},"query-input":{"@type":"PropertyValueSpecification","valueRequired":true,"valueName":"search_term_string"}}],"inLanguage":"es"},{"@type":"Organization","@id":"https:\/\/thewebsell.com\/usa\/#organization","name":"WebSell","url":"https:\/\/thewebsell.com\/usa\/","logo":{"@type":"ImageObject","inLanguage":"es","@id":"https:\/\/thewebsell.com\/usa\/#\/schema\/logo\/image\/","url":"https:\/\/thewebsell.com\/usa\/wp-content\/uploads\/2022\/05\/Group-162-1.png","contentUrl":"https:\/\/thewebsell.com\/usa\/wp-content\/uploads\/2022\/05\/Group-162-1.png","width":244,"height":244,"caption":"WebSell"},"image":{"@id":"https:\/\/thewebsell.com\/usa\/#\/schema\/logo\/image\/"}}]}},"_links":{"self":[{"href":"https:\/\/thewebsell.com\/usa\/wp-json\/wp\/v2\/pages\/15207","targetHints":{"allow":["GET"]}}],"collection":[{"href":"https:\/\/thewebsell.com\/usa\/wp-json\/wp\/v2\/pages"}],"about":[{"href":"https:\/\/thewebsell.com\/usa\/wp-json\/wp\/v2\/types\/page"}],"author":[{"embeddable":true,"href":"https:\/\/thewebsell.com\/usa\/wp-json\/wp\/v2\/users\/4"}],"replies":[{"embeddable":true,"href":"https:\/\/thewebsell.com\/usa\/wp-json\/wp\/v2\/comments?post=15207"}],"version-history":[{"count":12,"href":"https:\/\/thewebsell.com\/usa\/wp-json\/wp\/v2\/pages\/15207\/revisions"}],"predecessor-version":[{"id":15293,"href":"https:\/\/thewebsell.com\/usa\/wp-json\/wp\/v2\/pages\/15207\/revisions\/15293"}],"wp:attachment":[{"href":"https:\/\/thewebsell.com\/usa\/wp-json\/wp\/v2\/media?parent=15207"}],"curies":[{"name":"wp","href":"https:\/\/api.w.org\/{rel}","templated":true}]}}